 is divided by h?
4
Let g(n) = n**2 + 31*n - 874. Calculate the remainder when 278 is divided by g(-50).
50
Let b be (10/(-8))/(-4 - 68/(-16)). Calculate the remainder when (18*b)/(6/(-9)) is divided by 17.
16
Let g be 23/((-23)/(-756)) + -5. Let y = 1309 - g. What is the remainder when y is divided by 14?
12
Let j be -7 + 36/(0 + -9). Let s(k) = k**2 - 14*k - 2 - 2*k**2 - 4. What is the remainder when 104 is divided by s(j)?
23
Suppose -1410*j - 513 = -1467*j. What is the remainder when 141 is divided by j?
6
Let w(o) = 48*o + 1625. Calculate the remainder when 1062 is divided by w(-33).
37
Let f(o) = 6*o**2 - 21*o + 52. Calculate the remainder when f(-23) is divided by 128.
125
Suppose -1214 = -5*p - 4*v + 7*v, 226 = p + 5*v. Let o = p - 196. Calculate the remainder when o is divided by 23.
22
Let l = -368 + 165. Let m = 324 + l. Calculate the remainder when m is divided by 35.
16
Suppose -640*g + 645*g + 1110 = 3*c, 0 = -c + 3*g + 378. Calculate the remainder when 4668 is divided by c.
348
Let z = 93 + 49. Suppose -17 = p - z. What is the remainder when p is divided by 7?
6
Let w(x) = -8*x**2 - 262*x - 26. What is the remainder when w(-32) is divided by 56?
54
Let h = 49562 - 49546. Suppose 337 = 3*i + t + t, 5*t - 570 = -5*i. What is the remainder when i is divided by h?
13
Let u = -71 + -176. Let f = u - -282. Calculate the remainder when f is divided by 10.
5
Let w(x) = x**2 + 10*x - 139. Let i be w(25). Let j = 743 - i. Calculate the remainder when 26 is divided by j.
5
Suppose 10740 - 6969 = 9*q. Calculate the remainder when 465 is divided by q.
46
Let p(q) = -300*q - 1326. Suppose -18*h + 573 + 183 = 0. Calculate the remainder when p(-5) is divided by h.
6
Suppose 4*t - 120 = -g + 80, -3*g + 192 = 4*t. Suppose 440*z - 4973 = 25998 + 26669. What is the remainder when z is divided by t?
29
What is the remainder when 1034 is divided by (-16)/(-32)*-2*(-5)/2*2?
4
Suppose -3*d + 3*k + 637 = -k, -k + 617 = 3*d. Suppose -46 - 89 = -9*s. What is the remainder when d is divided by s?
12
Let w(z) = 127*z**2 + 2*z + 4. Let j(q) = q - 6. Let v be j(5). Suppose 2*m - 14 = 4*d, -3*m + 4*d = -d - 24. Calculate the remainder when w(v) is divided by m.
12
Let q(f) = -f - 7*f + 44 - 11 + 10. Let z be q(-9). Suppose 8*o - 3*o - z = 0. Calculate the remainder when 183 is divided by o.
22
Let f(a) = 11*a - 181. Let b be f(17). What is the remainder when 66 + 3 + b + -6 is divided by 28?
13
Let t = 3 - 1. Let o be 0/(-1) + 9 - -8. Suppose -3*k + o = t. Calculate the remainder when k is divided by 5.
0
Let c(k) = -26*k - 9. What is the remainder when c(-7) is divided by (-178 - -201) + 1*35/5?
23
Let u = -1464 + 1512. Calculate the remainder when 3020 is divided by u.
44
Let k be 2/4*62 + -1. Let v = -58 + 62. Suppose -15 = -5*q - 5, v*z + 5*q = k. Calculate the remainder when 5 is divided by z.
0
Suppose 2*b = -b + 2*n + 110, 0 = -4*b - 2*n + 142. Let d(j) = -18*j**3 - 2*j**2 + 2*j + 4. What is the remainder when d(-2) is divided by b?
28
Let d(j) = j**3 + 15*j**2 + 9*j - 2. Let r be d(-14). Suppose 3*z - r = -3*p + 34, -5*z + 125 = -4*p. Calculate the remainder when z is divided by 20.
9
Calculate the remainder when (-27063)/(-372)*(-4)/(-1) is divided by 73.
72
What is the remainder when 413 is divided by 152 + -6 - (-5 - (-19)/(76/16))?
119
Suppose 128*u = -4*z + 129*u + 3809, 4*z - 3*u - 3819 = 0. What is the remainder when z is divided by 96?
87
Let i = -21 - -29. Let o = -131372 + 131503. What is the remainder when o is divided by 2/(-8) - (-274)/i?
29
Suppose 0*s - 3*s + 6 = 0. Suppose -11*c + 16*c - 90 = 0. Suppose s*i + 3*u + c = 5*i, 2*i - u = 12. What is the remainder when 11 is divided by i?
5
Suppose z = -p + 4*z + 4, -p + z + 2 = 0. What is the remainder when 218 is divided by 6/12*p/((-1)/(-146))?
72
Let w(f) = -318 + 0*f + 380 - 4*f. What is the remainder when w(0) is divided by 8?
6
Let t = 24 - 9. Calculate the remainder when 5/(t/12) + 102 + -3 is divided by 15.
13
Suppose -1973 = 9*f - 12*f + 4*j, 0 = 5*j - 5. Calculate the remainder when f is divided by 95.
89
Suppose -3*a = 4*b - 10, 4*a + 12 = -13*b + 14*b. Let u(r) = -11*r**3 - r**2 + r + 4. What is the remainder when u(a) is divided by 5?
1
What is the remainder when ((-4216)/(-119) - 12)/(3/147) is divided by 46?
44
Suppose -192 + 1488 = 8*d. What is the remainder when d is divided by (-220)/(-12) + 2 - 4/(-6)?
15
Suppose 0 = 3*l - 0*l + 9, 2*t + 4*l - 2240 = 0. What is the remainder when t is divided by 57?
43
Let v(l) = 60*l**2 + 7*l + 8. Let h be v(-2). Let c = 241 - h. What is the remainder when 40 is divided by c?
5
Let l = -6494 + 6514. What is the remainder when 1173 is divided by l?
13
Let x(k) = k**3 - 6*k**2 - 98*k + 851. Calculate the remainder when 1379 is divided by x(10).
24
Let c be (-3 + -3)/(3/(-12)). Suppose -c = 2*y - 6*y. Suppose 3*b - 17 = 2*b. Calculate the remainder when b is divided by y.
5
Let p = 6239 + -6217. Calculate the remainder when 132 is divided by p.
0
Let o = -27 + 47. What is the remainder when o is divided by 5/6 - 4988/(-696)?
4
Suppose r = 3*r. Suppose -m - 16 = -k - 4*m, r = 2*k + 2*m - 32. Let o = 14 + 14. What is the remainder when o is divided by k?
12
Let u = 38 + -13. Calculate the remainder when 7155/60 + 18 + 399/(-28) is divided by u.
23
Let g(r) = -r**3 + 19*r**2 + 2*r - 38. Let v be g(19). Let q be (2 + 8)*(1 + v + 2). What is the remainder when (-23 + 16)*q/(-7) is divided by 12?
6
Calculate the remainder when (23/(-46))/((-4)/1000) is divided by -12*6*(-2)/9.
13
Let b = 3186 - -65. What is the remainder when b is divided by 148?
143
Let r = -3 - -6. Suppose 139*h - 1722 - 16972 = -1736. What is the remainder when h is divided by r?
2
Let o(i) = i**3 + 44*i**2 + 78*i - 195. Calculate the remainder when o(-42) is divided by -1 - 238/21*-3.
24
Suppose 0*d = -4*d - 128. Let w = -13 - d. Suppose -38 = -w*s + 18*s. What is the remainder when s is divided by 13?
12
Let k be (324/(-60))/(2 - (-22)/(-10)). Suppose -3*a = -5*f - k, 4*a + 2*f - 53 = 3*f. What is the remainder when 21 is divided by a?
7
Let k = -6392 - -6470. What is the remainder when k is divided by 19?
2
Let l(x) = x**2 - 9*x + 20. Suppose 0 = -3*d + 2*f + 128, 5*f + 32 = 5*d - 188. Suppose 0 = 4*b + b - d. Calculate the remainder when 20 is divided by l(b).
8
Let d be ((-32)/3)/((-1)/(-9)). Let c = d + 109. Suppose -17*j + c*j = -168. Calculate the remainder when 209 is divided by j.
41
Let q be (3/(-9))/(3/9). Suppose 44*g - 412 = 1447 - 143. Calculate the remainder when g is divided by q*2/4*-16.
7
Let k = 832 - 820. Calculate the remainder when 161/5 - (-4)/(-20) is divided by k.
8
What is the remainder when 1699 is divided by (-8)/(-6) + 6/(-72)*-1544?
9
Suppose 160 = 22*v - 6*v. Let s(y) = y**2 - 13*y + 32. What is the remainder when (-46)/(-8) - 9/12 is divided by s(v)?
1
Let v = 344 - 442. What is the remainder when (-49)/147 + v/(-6) is divided by 3?
1
What is the remainder when 4/24 - 51777/(-54) is divided by 96?
95
Suppose 30845 + 48135 = 5*p. Calculate the remainder when 8/(-6) - p/(-66) is divided by 5 - -17 - (-4)/(-2).
18
Let t(p) = -p**3 - 9*p**2 + 9*p + 29. Let y be t(-10). Suppose -36*d + y*d = 39. Calculate the remainder when 88 is divided by d.
10
Let q(y) = y**2 - 17*y + 78. Calculate the remainder when 115 is divided by q(6).
7
Suppose 602*s = 500*s + 30600. Calculate the remainder when s is divided by 129.
42
Let n(b) = -2*b**3 - 16*b**2 + b + 27. Let p(g) = 3*g**2 + 4*g + 11. What is the remainder when p(-7) is divided by n(-8)?
16
Suppose 4*f - 291 = -6*j + j, 0 = 5*f - j - 342. Let w be (-5)/(5/(-2)) - (0 - 11). Suppose -4*q = w*q - 85. What is the remainder when f is divided by q?
4
Let p be -6 + 31 - (-6)/(-2). What is the remainder when (p/8)/(181/60 + -3) is divided by 58?
49
Let v(r) be the first derivative of -3*r**4/4 - 4*r**3/3 - r**2 + 15*r + 133. What is the remainder when 194 is divided by v(-3)?
62
Suppose -2235 = 12*q - 579. What is the remainder when 183 is divided by (q/18)/(3/(-9))?
22
Suppose o - l - 79 = -2*o, 0 = -o + 3*l + 21. Calculate the remainder when 71 is divided by ((-27)/2)/(7/((-252)/o)).
17
Let b = 85 + 56. Let d = -14 + b. What is the remainder when d is divided by 45?
37
What is the remainder when (-9033*(57